-16)?
45
Let l(f) = f**3 - 13*f**2 - 13*f - 12. Calculate l(14).
2
Let o(r) = -r**2 - 41*r - 366. What is o(-13)?
-2
Let t(s) = 2*s**2 - 24*s + 73. Give t(4).
9
Let v(a) = -a**3 + 6*a**2 + a - 7. Calculate v(7).
-49
Let f(p) = 27*p + 12. Calculate f(2).
66
Let s(i) = 6*i - 306. Calculate s(53).
12
Let i(x) = x**2 + 5*x + 4. Determine i(-5).
4
Let s(z) = -2*z**3 + 2*z**2 + 4*z + 5. Calculate s(-2).
21
Let o(w) = -46*w + 313. Give o(7).
-9
Let v(r) = -r**3 - 4*r**2 - 15*r - 25. What is v(-2)?
-3
Let i(r) = 8*r**2 + 57*r + 13. Give i(-7).
6
Let u(d) = -3*d + 18. What is u(10)?
-12
Let h(n) = -11*n + 25. What is h(2)?
3
Let a(t) = 4*t + 29. Calculate a(-8).
-3
Let v(d) = -d**2 - 13*d + 63. Determine v(-17).
-5
Let s(w) = -w**3 - 26*w**2 - 49*w - 38. What is s(-24)?
-14
Let f(t) = t**3 - 29*t**2 - 26*t + 18. Determine f(30).
138
Let g(y) = -y**3 + 30*y**2 + 32*y - 13. Give g(31).
18
Let q(p) = -p**2 + 3*p + 4. Give q(-2).
-6
Let l(v) = -3*v**2. Calculate l(-1).
-3
Let r(v) = -3*v - 16. Determine r(-4).
-4
Let k(j) = j**3 - 10*j**2 + 9*j + 10. Give k(9).
10
Let r(y) = -19*y**2 + y. What is r(2)?
-74
Let m(q) = 4*q - 72. Give m(17).
-4
Let d(q) = -q**2 + 11*q - 5. Give d(5).
25
Let t(z) = z**3 - 3*z**2 + 8*z - 10. What is t(2)?
2
Let o(z) = -5*z + 86. Calculate o(18).
-4
Let z(n) = -n**3 - 7*n**2 + 13*n - 4. Give z(-9).
41
Let c(a) = 14*a - 84. What is c(5)?
-14
Let z(v) = -6*v**3 + v + 2. Calculate z(-2).
48
Let g(a) = a**2 + 13*a - 24. What is g(2)?
6
Let r(h) = 2*h - 13. Give r(-11).
-35
Let d(n) = -n + 2. Calculate d(2).
0
Let p(b) = -4*b + 1. What is p(2)?
-7
Let v(g) = -2*g**2 + g - 1. What is v(-2)?
-11
Let u(i) = -2*i**2 + 4*i - 2. Determine u(3).
-8
Let k(j) = j**3 + 15*j**2 + 27*j - 5. Give k(-13).
-18
Let d(n) = -n**3 + 2*n**2 + 5*n - 3. Calculate d(4).
-15
Let r(m) = -m**3 - 6*m**2 - 12*m - 12. Determine r(-5).
23
Let g(y) = -2*y**2 - 21*y + 239. Calculate g(7).
-6
Let o(u) = u**2 - 7*u - 6. Determine o(7).
-6
Let s(v) = 5*v + 2. What is s(3)?
17
Let f(x) = -x**3 - 8*x**2 - 10*x + 1. Give f(-6).
-11
Let t(p) = p**2 - 11*p + 3. Give t(9).
-15
Let x(r) = 3*r**2 + 19*r - 21. What is x(-7)?
-7
Let w(b) = 2*b**3 + 28*b**2 - 5*b - 24. Calculate w(-14).
46
Let w(r) = -r**2 + 3*r + 7. Calculate w(-5).
-33
Let j(s) = s**2 + 10*s + 21. Give j(-6).
-3
Let o(n) = n**2 - 5*n + 7. Calculate o(-5).
57
Let a(n) = n**2 - 9*n. What is a(9)?
0
Let s(i) = i**3 + 5*i**2 + 2*i + 4. Calculate s(-5).
-6
Let f(h) = 8*h**3 + h**2. What is f(-1)?
-7
Let m(j) = -j**3 - 8*j**2 + 11*j + 22. Give m(-9).
4
Let u(v) = 6*v**3 - 2*v**2 + 147*v - 146. Determine u(1).
5
Let q(z) = z**3 - z**2 + z + 29. Give q(0).
29
Let m(g) = -6*g + 10. Calculate m(1).
4
Let n(p) = 10*p + 48. What is n(-6)?
-12
Let d(b) = -3*b - 55. Give d(-20).
5
Let t(f) = f**2 + 11*f - 14. Calculate t(-14).
28
Let f(y) = y**3 + 7*y**2 - 2*y - 5. Give f(-7).
9
Let t(i) = -i**2 - 2*i + 2. Calculate t(-1).
3
Let r(c) = -c**3 + 5*c**2 + 36*c + 5. Give r(9).
5
Let u(l) = -l**2 + 10*l - 17. What is u(5)?
8
Let z(j) = j**2 + 14*j - 3. What is z(-13)?
-16
Let w(c) = -c**3 + 19*c**2 + 2*c - 38. Determine w(19).
0
Let d(p) = -p**3 + 5*p**2 - 9*p + 1. Calculate d(6).
-89
Let g(u) = -8*u + 20. Determine g(9).
-52
Let c(w) = -w - 4. Determine c(15).
-19
Let q(z) = -z**3 - 3*z**2 + 4*z + 4. Calculate q(4).
-92
Let n(g) = 28*g**2 + g. What is n(1)?
29
Let p(f) = f**3 + 7*f**2 + 24*f - 17. Give p(-5).
-87
Let j(s) = s**2 + 20*s + 9. Give j(0).
9
Let a(g) = g**3 + 3*g**2 + 6*g - 6. Determine a(-5).
-86
Let k(y) = -7*y + 140. Calculate k(21).
-7
Let o(r) = -r + 13. Give o(19).
-6
Let y(d) = -d**2 - 8*d - 6. Calculate y(-8).
-6
Let i(b) = 5*b**2 + 20*b - 4. Determine i(-5).
21
Let r(t) = -6*t + 14. What is r(2)?
2
Let s(w) = -w**2 - 9*w - 2. Calculate s(-11).
-24
Let w(y) = y**3 + 5*y**2 - 3*y - 10. Determine w(-4).
18
Let i(d) = -d + 38. What is i(0)?
38
Let n(k) = -8*k**2 + 39*k + 11. Calculate n(5).
6
Let c(f) = 3*f**3 - 3*f**2 + f. Calculate c(3).
57
Let x(k) = k**3 + 9*k**2 + 7*k - 5. Give x(-8).
3
Let c(s) = -s**3 + 3*s**2 - 5*s + 17. Determine c(3).
2
Let m(y) = -y**3 + 9*y**2 - 12*y + 17. What is m(10)?
-203
Let s(f) = -f**3 + 12*f**2 - 23*f + 32. Give s(10).
2
Let l(i) = i + 4. What is l(8)?
12
Let t(b) = 2*b**2 + 2*b. Calculate t(-2).
4
Let u(k) = k**2 + 8*k + 12. Determine u(-7).
5
Let v(t) = -15*t**3 - t**2 + t. Calculate v(1).
-15
Let h(l) = l**3 + 2*l**2 + l. Determine h(-1).
0
Let b(j) = j**2 + 2*j - 8. Give b(0).
-8
Let v(u) = -18*u - 1. Determine v(1).
-19
Let y(d) = -d**2 + 10*d + 3. Give y(11).
-8
Let s(n) = 4*n - 30. Determine s(9).
6
Let l(f) = 6*f**2 - f - 1. Give l(-1).
6
Let p(r) = -r**3 + 20*r**2 + 4*r - 27. What is p(20)?
53
Let k(n) = n - 24. Determine k(-17).
-41
Let q(v) = 148*v - 733. Give q(5).
7
Let z(n) = -4*n + 13. What is z(4)?
-3
Let x(k) = k**3 + 38*k**2 + k + 49. Give x(-38).
11
Let x(y) = -8*y - 22. Determine x(-9).
50
Let s(l) = l**3 - 25*l**2 - l + 36. Determine s(25).
11
Let z(g) = g**3 + 10*g**2 + 11*g + 11. Determine z(-9).
-7
Let m(k) = -8*k - 11. Calculate m(-11).
77
Let c(b) = b**3 + 17*b**2 + 16*b - 7. Determine c(-16).
-7
Let o(n) = 3*n**3 - 3*n + 1. Determine o(2).
19
Let c(a) = a**3 - 5*a - 5. What is c(-2)?
-3
Let j(s) = -s**2 + s. What is j(2)?
-2
Let d(y) = y - 10. Calculate d(20).
10
Let u(m) = 4*m - 7. Give u(6).
17
Let w(f) = f**2 - 10*f + 16. Give w(6).
-8
Let i(u) = u**3 + 10*u**2 + 17*u - 2. Give i(-7).
26
Let c(l) = 2*l**3 + 19*l**2 + 9*l + 12. What is c(-9)?
12
Let l(p) = -p - 12. Give l(7).
-19
Let c(q) = -q**2 + 8*q - 21. Determine c(6).
-9
Let n(d) = d**2 - 10*d - 112. Give n(-7).
7
Let m(v) = 2*v**3 - v + 4. Determine m(0).
4
Let p(h) = h**3 - 8*h**2 - 16*h - 2. Determine p(9).
-65
Let j(m) = -m**3 + 34*m**2 + 35*m + 12. What is j(35)?
12
Let z(a) = 2*a - 11. Determine z(3).
-5
Let v(r) = -4*r + 22. Determine v(4).
6
Let t(w) = -6*w + 45. Give t(8).
-3
Let i(n) = -n**3 - n**2 - n + 5. What is i(0)?
5
Let n(p) = p**3 + 2*p**2 - 5*p - 4. Give n(-3).
2
Let d(o) = o**3 + 4*o**2 + 4*o + 1. Determine d(-3).
-2
Let c(b) = 10*b - 70. What is c(5)?
-20
Let b(p) = p**3 + 7*p**2 + 4*p + 19. Calculate b(-7).
-9
Let c(z) = 24*z - 215. Calculate c(9).
1
Let j(x) = -2*x - 6. What is j(-5)?
4
Let n(r) = -2*r**2 - r - 3. Determine n(2).
-13
Let r(t) = t + 17. Determine r(-16).
1
Let g(o) = 2*o**2 + 16*o - 22. Give g(-8).
-22
Let c(n) = -n**3 - 5*n**2 - 6*n - 40. Give c(-5).
-10
Let p(t) = -2*t + 10. What is p(-8)?
26
Let k(j) = j**3 - 10*j**2 - 13*j + 23. Calculate k(11).
1
Let o(f) = -7*f**3 - 2*f**2 - 3*f - 2. Calculate o(-1).
6
Let u(w) = w**3 + 18*w**2 + 3. Give u(-18).
3
Let m(h) = 2*h**2 + 6*h - 1. Determine m(-5).
19
Let y(d) = 3*d + 2. Calculate y(-11).
-31
Let c(i) = -i + 1. Determine c(2).
-1
Let w(x) = x**3 - 5*x**2 + 2*x - 9. Calculate w(4).
-17
Let g(t) = 2*t**3 + 35*t**2 - 16*t + 33. Give g(-18).
-3
Let j(a) = a**2 + 12*a + 22. Determine j(-9).
-5
Let x(j) = 3*j**2 - 22*j - 3. Give x(7).
-10
Let m(z) = 2*z**2 - 10*z - 11. What is m(8)?
37
Let b(i) = -i**3 - 14*i**2 - 6. Calculate b(-14).
-6
Let c(h) = h**3 + 6*h**2 - 5*h + 4. Determine c(-7).
-10
Let s(u) = 7*u. What is s(5)?
35
Let x(k) = -14*k - 21. Calculate x(-3).
21
Let q(p) = -p**3 - 13*p**2 - 12*p + 7. What is q(-12)?
7
Let w(b) = -b**3 - 19*b**2 - 25*b - 128. Determine w(-18).
-2
Let k(l) = 6*l - 62. Calculate k(21).
64
Let a(c) = c**3 + 2*c**2 + 22*c + 46. Give a(-2).
2
Let d(g) = 9*g**3 + g**2 - g. Calculate d(1).
9
Let i(n) = -7*n + 13. What is i(-7)?
62
Let x(y) = 11*y**2 - 2*y - 3. Determine x(-2).
45
Let y(i) = 7*i - 7. Calculate y(-5).
-42
Let n(x) = 10*x - 44. Calculate n(7).
26
Let k(i) = i**3 - 11*i**2 - 2*i + 5. Give k(11).
-17
Let o(c) = c**2 + 15*c + 7. Give o(-18).
61
Let x(s) = -18*s + 7. Calculate x(8).
-137
Let v(h) = 23*h - 1. What is v(-1)?
-24
Let a(h) = 4*h - 22. Give a(4).
-6
Let y(v) = -v**2 - 12*v + 20. Calculate y(-12).
20
Let h(s) = -s**3 + 8*s**2 - 2*s - 23. Calculate h(6).
37
Let z(u) = -3*u**3 + u - 2. Calculate z(2).
-24
Let z(s) = 3*s + 17. Determine z(-8).
-7
Let d(h) = -2*h - 19. Give d(-9).
-1
Let w(y) = 2*y**3 + y**2 + 3*y + 4. What is w(-2)?
-14
Let f(y) = -5*y**3 + 21*y**2 - 5*y + 6. Give f(4).
2
Let y(p) = -p**3 - 10*p**2 - 15*p - 24. What is y(-9)?
30
Let p(i)